{"id":276,"date":"2020-06-11T07:26:17","date_gmt":"2020-06-11T06:26:17","guid":{"rendered":"https:\/\/cargo-bajkeri.cz\/?post_type=product&#038;p=276"},"modified":"2020-08-04T22:47:14","modified_gmt":"2020-08-04T21:47:14","slug":"kalendar-cargo-bajkeri-2021","status":"publish","type":"product","link":"https:\/\/cargo-bajkeri.cz\/?product=kalendar-cargo-bajkeri-2021","title":{"rendered":"Kalend\u00e1\u0159 na rok 2021"},"content":{"rendered":"<p><img loading=\"lazy\" decoding=\"async\" class=\"alignnone wp-image-288\" src=\"https:\/\/cargo-bajkeri.cz\/wp-content\/uploads\/2020\/06\/Kalend\u00e1\u0159BigSizeObrys-189x300.bmp\" alt=\"\" width=\"243\" height=\"385\" srcset=\"https:\/\/cargo-bajkeri.cz\/wp-content\/uploads\/2020\/06\/Kalend\u00e1\u0159BigSizeObrys-189x300.bmp 189w, https:\/\/cargo-bajkeri.cz\/wp-content\/uploads\/2020\/06\/Kalend\u00e1\u0159BigSizeObrys-120x190.bmp 120w, https:\/\/cargo-bajkeri.cz\/wp-content\/uploads\/2020\/06\/Kalend\u00e1\u0159BigSizeObrys-100x159.bmp 100w, https:\/\/cargo-bajkeri.cz\/wp-content\/uploads\/2020\/06\/Kalend\u00e1\u0159BigSizeObrys-646x1024.bmp 646w, https:\/\/cargo-bajkeri.cz\/wp-content\/uploads\/2020\/06\/Kalend\u00e1\u0159BigSizeObrys-768x1217.bmp 768w, https:\/\/cargo-bajkeri.cz\/wp-content\/uploads\/2020\/06\/Kalend\u00e1\u0159BigSizeObrys-969x1536.bmp 969w, https:\/\/cargo-bajkeri.cz\/wp-content\/uploads\/2020\/06\/Kalend\u00e1\u0159BigSizeObrys.bmp 1128w\" sizes=\"(max-width: 243px) 100vw, 243px\" \/><\/p>\n","protected":false},"excerpt":{"rendered":"<p>N\u00e1st\u011bnn\u00fd kalend\u00e1\u0159 na 2021 obsahuj\u00edc\u00ed fotografie z ka\u017edodenn\u00edho \u017eivota Cargo-Bajker\u016f.<\/p>\n","protected":false},"featured_media":288,"comment_status":"open","ping_status":"closed","template":"","meta":[],"_links":{"self":[{"href":"https:\/\/cargo-bajkeri.cz\/index.php?rest_route=\/wp\/v2\/product\/276"}],"collection":[{"href":"https:\/\/cargo-bajkeri.cz\/index.php?rest_route=\/wp\/v2\/product"}],"about":[{"href":"https:\/\/cargo-bajkeri.cz\/index.php?rest_route=\/wp\/v2\/types\/product"}],"replies":[{"embeddable":true,"href":"https:\/\/cargo-bajkeri.cz\/index.php?rest_route=%2Fwp%2Fv2%2Fcomments&post=276"}],"wp:featuredmedia":[{"embeddable":true,"href":"https:\/\/cargo-bajkeri.cz\/index.php?rest_route=\/wp\/v2\/media\/288"}],"wp:attachment":[{"href":"https:\/\/cargo-bajkeri.cz\/index.php?rest_route=%2Fwp%2Fv2%2Fmedia&parent=276"}],"curies":[{"name":"wp","href":"https:\/\/api.w.org\/{rel}","templated":true}]}}