{"id":412,"date":"2020-07-29T21:37:42","date_gmt":"2020-07-29T20:37:42","guid":{"rendered":"https:\/\/cargo-bajkeri.cz\/?post_type=product&#038;p=412"},"modified":"2020-08-04T22:49:36","modified_gmt":"2020-08-04T21:49:36","slug":"kovova-lahev-s-logem-cargo-bajkeru","status":"publish","type":"product","link":"https:\/\/cargo-bajkeri.cz\/?product=kovova-lahev-s-logem-cargo-bajkeru","title":{"rendered":"Hlin\u00edkov\u00e1 sportovn\u00ed l\u00e1hev 400ml"},"content":{"rendered":"<p>Hlin\u00edkov\u00e1 sportovn\u00ed l\u00e1hev 400ml<\/p>\n","protected":false},"excerpt":{"rendered":"<p>Hlin\u00edkov\u00e1 sportovn\u00ed l\u00e1hev 400ml<\/p>\n","protected":false},"featured_media":422,"comment_status":"open","ping_status":"closed","template":"","meta":[],"_links":{"self":[{"href":"https:\/\/cargo-bajkeri.cz\/index.php?rest_route=\/wp\/v2\/product\/412"}],"collection":[{"href":"https:\/\/cargo-bajkeri.cz\/index.php?rest_route=\/wp\/v2\/product"}],"about":[{"href":"https:\/\/cargo-bajkeri.cz\/index.php?rest_route=\/wp\/v2\/types\/product"}],"replies":[{"embeddable":true,"href":"https:\/\/cargo-bajkeri.cz\/index.php?rest_route=%2Fwp%2Fv2%2Fcomments&post=412"}],"wp:featuredmedia":[{"embeddable":true,"href":"https:\/\/cargo-bajkeri.cz\/index.php?rest_route=\/wp\/v2\/media\/422"}],"wp:attachment":[{"href":"https:\/\/cargo-bajkeri.cz\/index.php?rest_route=%2Fwp%2Fv2%2Fmedia&parent=412"}],"curies":[{"name":"wp","href":"https:\/\/api.w.org\/{rel}","templated":true}]}}